t is the highest common factor of 272936 and 55808?
872
What is the greatest common factor of 494189845 and 23?
23
Calculate the highest common factor of 25353 and 24381.
81
Calculate the greatest common factor of 4912223 and 1179720.
3277
Calculate the greatest common divisor of 577947490 and 349.
349
Calculate the greatest common divisor of 36 and 967601961.
9
What is the highest common divisor of 2176317 and 1335?
267
Calculate the highest common divisor of 15810 and 1175639505.
7905
Calculate the greatest common divisor of 30398571 and 1323.
1323
What is the highest common divisor of 194588944 and 176?
176
Calculate the highest common factor of 1287 and 78973.
1
Calculate the greatest common divisor of 1629290 and 17943770.
10790
Calculate the greatest common factor of 8 and 1750792.
8
What is the highest common factor of 41811449 and 17?
17
Calculate the highest common divisor of 2432175 and 75.
75
What is the highest common divisor of 1280 and 7399180?
20
What is the highest common factor of 35504 and 36078721?
2219
Calculate the greatest common divisor of 323988 and 1294629.
147
What is the highest common divisor of 4200 and 55078975?
175
Calculate the highest common factor of 107042752 and 260800.
10432
Calculate the highest common divisor of 5770166 and 685.
137
Calculate the greatest common divisor of 29346 and 404211.
201
What is the highest common divisor of 1274316 and 412?
412
Calculate the greatest common divisor of 12028830 and 22.
22
What is the greatest common divisor of 823998 and 16698?
138
Calculate the greatest common factor of 1185 and 663583173.
237
Calculate the highest common divisor of 332134 and 3234.
22
Calculate the greatest common factor of 46159 and 5983.
31
Calculate the greatest common divisor of 280768 and 30832.
656
What is the greatest common factor of 3 and 134710827?
3
Calculate the greatest common factor of 216 and 1618872.
24
Calculate the greatest common factor of 42166 and 7308.
58
Calculate the highest common factor of 2779296 and 107848.
1768
What is the greatest common factor of 1170992 and 328608?
2608
Calculate the highest common factor of 566136858 and 5229.
1743
What is the greatest common factor of 660152932 and 7948?
7948
Calculate the highest common divisor of 15 and 1200885.
15
What is the greatest common factor of 86318148 and 21?
21
Calculate the greatest common divisor of 68991 and 97123407.
5307
What is the highest common factor of 7168595 and 16585?
155
Calculate the greatest common divisor of 9882 and 11120166.
162
What is the greatest common factor of 64 and 1712173008?
16
What is the highest common factor of 2017223 and 104?
13
What is the greatest common factor of 616679936 and 24?
8
What is the highest common factor of 69083 and 28258?
71
Calculate the greatest common factor of 158105086 and 9327.
3109
Calculate the greatest common divisor of 14 and 10988509.
7
Calculate the greatest common divisor of 803382456 and 23.
23
What is the greatest common factor of 642 and 632862735?
321
Calculate the highest common divisor of 4886112 and 36.
12
Calculate the greatest common factor of 3984828 and 240.
12
Calculate the greatest common factor of 172984 and 9352.
56
What is the highest common factor of 44403 and 860016?
2337
Calculate the greatest common divisor of 992205032 and 728.
728
What is the highest common divisor of 6044 and 251643451?
1511
What is the highest common divisor of 490 and 711350?
10
What is the highest common factor of 5610471 and 534?
267
Calculate the greatest common divisor of 224589970 and 235.
235
Calculate the greatest common divisor of 2457 and 1456069797.
2457
What is the highest common divisor of 1008 and 22894984?
56
What is the highest common factor of 43665765 and 1365?
195
What is the greatest common divisor of 287816071 and 129?
43
What is the greatest common factor of 160 and 2345870?
10
Calculate the highest common factor of 72 and 3171612.
12
Calculate the greatest common factor of 51205219 and 1742.
871
What is the greatest common factor of 16872 and 4588296?
888
Calculate the highest common factor of 15552 and 587655.
81
Calculate the highest common factor of 22528 and 3278.
22
Calculate the greatest common divisor of 33600 and 2024736.
672
Calculate the highest common factor of 9036023 and 1113.
53
Calculate the highest common divisor of 3076 and 220600.
4
Calculate the highest common divisor of 3830 and 13597270.
10
Calculate the greatest common divisor of 87890 and 1392610.
470
Calculate the highest common factor of 159213868 and 44.
44
Calculate the highest common divisor of 2031808 and 41024.
64
What is the greatest common factor of 33 and 91466826?
33
Calculate the highest common factor of 248668 and 61824.
28
Calculate the highest common divisor of 18628 and 151580693.
4657
Calculate the greatest common divisor of 16996 and 4940980.
2428
Calculate the greatest common factor of 5439 and 6248634.
777
What is the highest common divisor of 12183430 and 420?
70
What is the greatest common divisor of 99 and 57576640?
11
What is the highest common factor of 1136 and 10042808?
568
What is the greatest common divisor of 1066 and 9791561?
13
What is the highest common factor of 45628 and 28204?
44
What is the highest common divisor of 3325 and 69175?
25
What is the greatest common divisor of 662 and 8282282?
662
What is the highest common factor of 4981 and 701777?
17
Calculate the greatest common divisor of 5727 and 39328482.
69
Calculate the greatest common factor of 1520 and 15613706.
38
Calculate the highest common divisor of 410 and 1199530.
10
Calculate the highest common divisor of 38722 and 742.
2
What is the highest common factor of 32645964 and 104?
52
Calculate the highest common divisor of 4818 and 239428101.
2409
What is the highest common factor of 6324 and 20303508?
204
Calculate the highest common factor of 630943 and 15221.
31
Calculate the highest common factor of 136 and 61471116.
68
Calculate the highest common divisor of 66511 and 1591270.
227
Calculate the greatest common divisor of 703355 and 4672.
73
What is the greatest common divisor of 49609367 and 4458?
743
Calculate the greatest common factor of 144 and 1068381.
9
Calculate the highest common factor of 355329 and 35658.
9
Calculate the greatest common factor of 369 and 5773095.
9
What is the highest common factor of 26512 and 777232420?
6628
What is the highest common divisor of 4464 and 852438?
186
Calculate the highest common divisor of 75430886 and 4462.
194
Calculate the highest common divisor of 56058864 and 24.
24
What is the greatest common factor of 60138 and 71829?
9
What is the highest common divisor of 103750 and 75625?
625
What is the greatest common divisor of 965 and 316280?
5
What is the greatest common factor of 1428 and 13983571?
119
Calculate the highest common factor of 19125 and 90900.
225
Calculate the highest common factor of 916 and 18472.
4
What is the greatest common divisor of 44 and 14721052?
4
Calculate the highest common factor of 5671050 and 378000.
1050
Calculate the greatest common divisor of 4464 and 370404.
36
What is the greatest common factor of 939052093 and 217?
217
Calculate the highest common factor of 250510 and 21361.
41
Calculate the highest common factor of 53373914 and 7106.
374
What is the greatest common divisor of 520090944 and 148?
148
Calculate the greatest common divisor of 1445693 and 23335.
359
What is the greatest common divisor of 408 and 417866664?
408
Calculate the greatest common divisor of 1025 and 314950.
25
Calculate the greatest common factor of 1071 and 106346016.
1071
Calculate the highest common factor of 7847737 and 228994.
1877
Calculate the greatest common factor of 143 and 4290913.
11
What is the greatest common divisor of 20 and 1951988?
4
What is the highest common factor of 30268 and 548443?
329
Calculate the highest common divisor of 846132 and 248920.
196
Calculate the highest common divisor of 184 and 84786487.
23
What is the greatest common factor of 2080369 and 9943?
163
What is the highest common divisor of 460459 and 8554?
47
What is the greatest common divisor of 373392 and 5440114?
5186
What is the greatest common factor of 2395436 and 1003?
17
Calculate the highest common divisor of 28 a